120.
15
What is the greatest common divisor of 5 and 640?
5
Calculate the greatest common factor of 352 and 23616.
32
Calculate the greatest common factor of 145951 and 169.
13
Calculate the greatest common factor of 133 and 767733.
19
Calculate the highest common divisor of 1632 and 31110.
102
Calculate the greatest common factor of 255 and 5185.
85
Calculate the highest common divisor of 335 and 19832.
67
Calculate the highest common divisor of 432 and 218646.
54
What is the highest common divisor of 476905 and 6435?
715
What is the highest common divisor of 1647 and 31781?
61
Calculate the highest common factor of 5385 and 14719.
359
Calculate the greatest common divisor of 468 and 23166.
234
Calculate the highest common divisor of 1029 and 19257.
147
What is the highest common divisor of 528 and 77704?
88
Calculate the highest common factor of 118 and 6158.
2
What is the greatest common factor of 1394583 and 177?
177
What is the highest common factor of 21831 and 228?
57
Calculate the highest common divisor of 2 and 7831.
1
Calculate the highest common factor of 488 and 784216.
488
What is the greatest common divisor of 144 and 4608?
144
What is the highest common divisor of 710 and 69935?
355
Calculate the highest common divisor of 229 and 44197.
229
Calculate the greatest common divisor of 2856 and 1375640.
952
What is the greatest common divisor of 35476 and 24500?
196
Calculate the greatest common factor of 1280 and 85870.
10
What is the highest common factor of 391775 and 150?
25
Calculate the highest common divisor of 7 and 282912.
7
What is the highest common factor of 444 and 1136973?
111
Calculate the highest common factor of 4240 and 5680.
80
What is the greatest common factor of 19628 and 1484?
28
Calculate the greatest common factor of 136488 and 12584.
968
What is the highest common divisor of 330 and 77858?
22
What is the greatest common factor of 54275 and 23400?
325
What is the highest common factor of 273 and 3692871?
273
Calculate the greatest common factor of 12825 and 285.
285
What is the greatest common factor of 3870 and 110080?
430
Calculate the highest common divisor of 80 and 44048.
16
Calculate the highest common divisor of 1296 and 2088.
72
What is the greatest common divisor of 379423 and 3553?
187
Calculate the highest common divisor of 32 and 12392.
8
What is the greatest common divisor of 32160 and 360?
120
What is the highest common divisor of 345538 and 788?
394
What is the greatest common divisor of 6 and 14562?
6
What is the greatest common factor of 5258 and 191678?
478
Calculate the highest common factor of 2912 and 439712.
2912
What is the greatest common divisor of 266 and 69882?
38
Calculate the highest common divisor of 5976 and 324.
36
What is the greatest common divisor of 119 and 7123?
17
Calculate the highest common factor of 638941 and 310.
31
Calculate the greatest common factor of 18538 and 211692.
598
What is the highest common factor of 36 and 954?
18
What is the highest common divisor of 1408 and 4911104?
1408
Calculate the greatest common factor of 406 and 10092.
58
What is the highest common divisor of 40 and 101380?
20
What is the highest common divisor of 70532 and 56?
28
What is the greatest common divisor of 11660 and 880?
220
What is the greatest common divisor of 136065 and 51465?
705
Calculate the highest common divisor of 1254 and 109054.
22
What is the greatest common divisor of 6532 and 19136?
92
Calculate the greatest common factor of 609 and 64728.
87
What is the highest common factor of 54 and 291?
3
What is the greatest common factor of 1376 and 2896?
16
Calculate the greatest common factor of 40 and 121040.
40
What is the greatest common divisor of 80 and 271930?
10
What is the greatest common divisor of 4 and 4157?
1
Calculate the greatest common factor of 200 and 159175.
25
Calculate the greatest common factor of 1344 and 2282.
14
What is the highest common divisor of 729364 and 4?
4
Calculate the highest common factor of 11119 and 9.
1
What is the highest common divisor of 2867 and 3721?
61
Calculate the highest common factor of 57295 and 35.
35
Calculate the greatest common factor of 610 and 718092.
122
Calculate the highest common divisor of 40669 and 201.
67
Calculate the highest common divisor of 960 and 2268.
12
What is the greatest common factor of 1362 and 636?
6
What is the greatest common factor of 1098 and 93818?
122
Calculate the greatest common divisor of 656 and 89708.
164
Calculate the greatest common factor of 14 and 12747.
7
What is the highest common factor of 6489 and 1723911?
2163
What is the greatest common divisor of 15 and 72465?
15
Calculate the highest common factor of 5734713 and 57.
57
What is the highest common factor of 12838 and 196?
98
What is the greatest common factor of 12906 and 486?
54
What is the greatest common factor of 433 and 5903089?
433
What is the highest common divisor of 184 and 8510?
46
Calculate the greatest common factor of 369801 and 102.
51
What is the greatest common factor of 5675 and 875?
25
Calculate the greatest common factor of 189210 and 18285.
795
Calculate the highest common divisor of 1721520 and 480.
240
What is the greatest common divisor of 909 and 335219?
101
What is the highest common divisor of 6150 and 26990?
10
Calculate the highest common divisor of 42158 and 963.
107
What is the highest common divisor of 329295 and 348?
87
What is the greatest common factor of 1015 and 16037?
203
What is the greatest common factor of 4182 and 74409?
51
Calculate the greatest common divisor of 568 and 790372.
284
Calculate the highest common factor of 63135 and 585.
45
What is the greatest common factor of 8184 and 9966?
66
What is the greatest common divisor of 4427 and 171?
19
What is the greatest common divisor of 20 and 291868?
4
Calculate the highest common divisor of 58 and 1486453.
29
What is the greatest common factor of 6313 and 295?
59
Calculate the highest common factor of 14 and 369502.
14
What is the highest common divisor of 75916 and 4?
4
What is the greatest common divisor of 152 and 55864?
8
Calculate the highest common divisor of 217128 and 31872.
1992
What is the highest common factor of 8148 and 84?
84
What is the highest common factor of 1890 and 4578?
42
Calculate the greatest common factor of 168 and 3712.
8
What is the greatest common factor of 4222206 and 201?
201
Calculate the highest common divisor of 94 and 4872443.
47
What is the greatest common factor of 1870083 and 94?
47
What is the highest common divisor of 12350 and 14326?
494
What is the highest common factor of 2037 and 175?
7
Calculate the greatest common factor of 486244 and 22.
22
Calculate the highest common factor of 2028 and 978.
6
Calculate the highest common divisor of 1045 and 11970.
95
What is the highest common divisor of 50 and 52075?
25
Calculate the greatest common divisor of 3150 and 147525.
525
What is the greatest common factor of 60 and 188610?
30
What is the highest common factor of 730 and 3935?
5
What is the greatest common divisor of 137098 and 442?
26
Calculate the greatest common divisor of 1771 and 37697.
253
What is the greatest common factor of 82 and 60311?
41
What is the highest common divisor of 25644 and 176?
4
What is the greatest common factor of 3598 and 70932?
514
Calculate the highest common factor of 1107979 and 134.
67
Calculate the greatest common divisor of 19 and 55043.
19
Calculate the highest common factor of 124848 and 1296.
432
Calculate the greatest common factor of 319 and 2518824.
319
What is the greatest common divisor of 375124 and 12?
4
What is the highest common divisor of 2807 and 70?
7
What is the greatest common factor of 8314 and 10?
2
What is the greatest common factor of 5472 and 14481?
9
What is the greatest common factor of 26285 and 35?
35
Calculate the highest common divisor of 34 and 5310392.
34
Calculate the greatest common divisor of 1475864 and 2990.
598
Calculate the greatest common factor of 2682 and 48.
6
What is the greatest common divisor of 17 and 24361?
17
Calculate the greatest common divisor of 215454 and 72782.
482
Calculate the greatest common factor of 750438 and 78.
78
What is the greatest common factor of 5046 and 2346?
6
What is the greatest common 